 20 = 0. List the prime factors of h.
3
Suppose 13 = 5*g + 3. Suppose g*f - 8 + 0 = -3*n, n = -2*f + 4. Suppose n*i - 25 = i. List the prime factors of i.
5
Suppose 0 = 4*t + 2*k - 894, 777 = 5*t + 5*k - 338. List the prime factors of t.
2, 7
Let n = -54 + 108. Suppose -31 = -5*w + n. Let v = 23 + w. What are the prime factors of v?
2, 5
Suppose 4*x - 200 = -2*w - 2*w, 0 = -4*w + 2*x + 200. Let p = w - 23. What are the prime factors of p?
3
Suppose 2*t + 934 = 4*x, x + t - 246 = -t. Suppose 0 = -6*p + 8*p - x. What are the prime factors of p?
2, 59
Let a(j) = 3*j - 36. Let d be a(15). Suppose 8*v + 118 = d*v. List the prime factors of v.
2, 59
Let p(x) = -x**3 - 10*x**2 - 12*x + 16. Let s be p(-9). Suppose -s = -6*m + 263. What are the prime factors of m?
3, 17
Let q(n) = -n + 1. Let g be q(-4). Let o = 444 + -443. Suppose 3*z - o = g. What are the prime factors of z?
2
Let v = 150 - -228. List the prime factors of v.
2, 3, 7
Suppose 3*m - 6 = 6. Suppose 153 + 7 = m*f. Let o = 72 - f. What are the prime factors of o?
2
Let u(r) = 21*r + 1. Let x be u(1). Let k be x/(-143) + 12744/26. What are the prime factors of k/8 - 6/24?
61
Let t = -2081 - -2990. List the prime factors of t.
3, 101
Let j(c) = 4*c**2 + 10*c + 14. Let v = 17 + -23. List the prime factors of j(v).
2, 7
Suppose 0*u = -3*u - 5*l - 385, 2*l = 2*u + 262. Let d = u - -225. List the prime factors of d.
5, 19
Let b(a) = a**3 - 2*a + 1. Let j be b(2). Let p be (-219)/(-15) + 2/j. Let m = p - 9. What are the prime factors of m?
2, 3
Let t(l) = 4 - 2*l + 1 + 14*l + 8*l. What are the prime factors of t(2)?
3, 5
Suppose -3*y + 477 = x, -2*x - y + 685 = -294. Let j = x + -304. List the prime factors of j.
2, 47
Let h(p) = p**3 + 8*p**2 - p - 9. Let d be h(-8). Let a be (6 - 7)*7/d. Let k(o) = o**3 - 8*o**2 + 8*o + 4. List the prime factors of k(a).
11
Suppose -6634 = -5*j + 4076. List the prime factors of j.
2, 3, 7, 17
Let g(r) be the second derivative of r**4/12 - r**3/6 + 3*r**2 - 5*r. Let t be g(0). Suppose -t*x = -3*x, n - 4*x = 24. What are the prime factors of n?
2, 3
Suppose 18*h - 2224 = 14*h. What are the prime factors of h?
2, 139
Let b(d) = -2*d**3 + 9*d**2 - 5*d + 6. Let h be b(4). Suppose -h*x = -206 + 34. List the prime factors of x.
2, 43
Let q = -1518 - -2208. What are the prime factors of q?
2, 3, 5, 23
Let k = 184 + 142. What are the prime factors of k?
2, 163
Suppose 0 = 5*c - 3*a + 593 - 1604, -3*c = 4*a - 624. Suppose 2*k = 174 + c. List the prime factors of k.
3, 7
Let o = -95 + 216. Let z = o - 58. What are the prime factors of z?
3, 7
Suppose -72*g + 85*g - 702 = 0. What are the prime factors of g?
2, 3
Let y = 8978 + -5253. What are the prime factors of y?
5, 149
Suppose 3*w + 19*r = 17*r + 9524, 5*w - 15885 = -r. What are the prime factors of w?
2, 7, 227
List the prime factors of 51408/42 - (1 - (2 - 7)).
2, 3, 7, 29
Let y = 3816 + -2423. What are the prime factors of y?
7, 199
Let g = 324 + -82. List the prime factors of g.
2, 11
Let h = -35 + 14. Suppose -2*b = -70 - 2. Let w = b + h. List the prime factors of w.
3, 5
Let j = 25 - 25. What are the prime factors of -14*(1 - (j - -3))?
2, 7
Suppose 96 - 8 = 2*q. Suppose 4*z - q = 3*j, 10*z + 4*j - 86 = 5*z. List the prime factors of z.
2, 7
Let h(u) = 14*u**2 - 19*u + 6. What are the prime factors of h(3)?
3, 5
List the prime factors of (23/3 + -7)/((-6)/(-16047)).
1783
Let f = -14 - -19. Suppose f*a - 20 = -j + 2*a, 4*j - 100 = -2*a. List the prime factors of j.
2, 13
Suppose 5*z = 4*k - 37, 5*z = -2*k + 3*z - 4. Suppose -5*g + 4 + 1 = 0, -3*b = k*g - 18. Suppose -8 - 267 = -b*h. What are the prime factors of h?
5, 11
Let j(p) = p**3 + 6*p**2 - 2*p - 9. Let a be j(-6). Suppose 10 = 5*m - 5*q, -4*m + a*q - 1 + 8 = 0. What are the prime factors of (m/(-3))/(5/(-570))?
2, 19
Suppose -12 = -4*g, 0 = 13*y - 15*y - 5*g + 7137. List the prime factors of y.
3, 1187
What are the prime factors of -6 - (-10)/2 - 553/(-1)?
2, 3, 23
Suppose 5*a + 9 = 2*a, -n - 3*a = -796. What are the prime factors of n?
5, 7, 23
Let a be (-8)/(6/(-39) - 0). Suppose a = n + 4*n - w, 5*w - 20 = -3*n. List the prime factors of n.
2, 5
Let q = 4 - 11. Let z = -13 - q. Let x = z + 29. List the prime factors of x.
23
Suppose 145*n - 136*n = 18630. What are the prime factors of n?
2, 3, 5, 23
Let t be 54 + (-8)/((-64)/56). Let s = 11 - 37. Let k = t + s. What are the prime factors of k?
5, 7
Suppose 6 = s + p, -4*s - p + 27 = 6. Suppose 44 + 151 = s*r. List the prime factors of r.
3, 13
Let t(o) = 2*o**3 - o**2 + 1. Let c be t(1). Suppose -2*a + 129 = n + c*n, 4*n = 2*a + 172. Let j = n + -28. What are the prime factors of j?
3, 5
Suppose -5*k + 24 - 9 = 0. Suppose -6*u + 2*u = -j + 172, k*j - 477 = -u. What are the prime factors of j?
2, 5
What are the prime factors of -91*(-30)/(6 - 1)?
2, 3, 7, 13
Let z(i) = 90*i**2 - 85*i - 512. What are the prime factors of z(-6)?
2, 1619
Let x = 2668 - 1642. What are the prime factors of x?
2, 3, 19
Suppose -56*s + 4040 = -53*s + 2*y, -2 = -2*y. List the prime factors of s.
2, 673
Let j(b) = 7*b**2 - 5*b + 4. Let v be 6/9*(-9)/(-3). Let l be j(v). Let w = -12 + l. List the prime factors of w.
2, 5
Let d(j) be the second derivative of -11*j**4/24 - 3*j**3/2 + 2*j**2 + 9*j. Let a(h) be the first derivative of d(h). List the prime factors of a(-6).
3, 19
Suppose 23*m - 117 = 20*m - 3*o, -4*m + 4*o = -148. List the prime factors of m.
2, 19
Let d(j) = 69*j - 142. What are the prime factors of d(27)?
1721
Suppose -4*k + 5*h = -16 - 32, 0 = -3*k - 2*h + 13. Suppose 522 = -4*d + k*d. Suppose -i = 2*i - d. What are the prime factors of i?
2, 29
Suppose -3*f = -723 - 828. What are the prime factors of f?
11, 47
Let u(k) = -3*k + 1 - 14 + 3*k + 2*k. Let c be u(9). Suppose 0 = 3*v + 3*p - 117, v - c*p - 22 = 29. What are the prime factors of v?
41
Suppose -w - 4900 = -5*c, 2066 = 3*c + 5*w - 902. What are the prime factors of c?
3, 109
Let o(f) = 2*f**3 - 5*f**2 - 3*f + 2*f - f**3 + 13*f**2 - 2. Let i be o(-8). Let y = 10 - i. What are the prime factors of y?
2
Suppose 0 = 5*j + 4*l + 46, -j - 5*l = 3*j + 35. Let f = j + 36. What are the prime factors of f?
2, 13
Suppose x - 44 = 5*x - 4*y, 3*x - 5*y + 39 = 0. List the prime factors of 75/2 + (-12)/x.
3, 13
Suppose 4*j = 20, 342 = 5*o + 2*j - 303. List the prime factors of o.
127
Let n = 1238 + -309. What are the prime factors of n?
929
Suppose 19*t + 2184 - 28157 = 0. What are the prime factors of t?
1367
Let r be (-25)/10*4/5. Let b(k) = -51*k + 4. List the prime factors of b(r).
2, 53
Let w = -22 - -60. Suppose z - 4*z + 3*o = 39, -4*z - w = 3*o. Let l(g) = -5*g + 1. What are the prime factors of l(z)?
2, 7
List the prime factors of 98294/42 - 4/3.
2339
Let a(i) = i**2 - 7*i + 17. Let f be a(7). Let v = f - 13. Suppose 106 = v*n - 30. List the prime factors of n.
2, 17
Let p be ((-30)/9 - -3)/((-1)/(-3)). What are the prime factors of -4*(p - -3)*21/(-3)?
2, 7
Let g = -7 + 26. Suppose 3*k + 3*l - g = k, -k + 2 = -l. Suppose -74 = -k*f + 1. List the prime factors of f.
3, 5
Let y(x) = 2*x**3 - 16*x + 39. What are the prime factors of y(8)?
5, 11, 17
Let x be (-155)/(-30) + 4/(-24). Suppose -3*t + 1 = -5*t - r, x*t = -2*r. Suppose -2*v - 4*p + 34 = 0, -53 = -t*v - 2*v - 3*p. What are the prime factors of v?
11
Let d be (-2)/4*(-4 + 0). Suppose -d = -g + 3*x, 2*g + g + 3*x = 6. Let s(b) = 3*b**2 + b - 4. What are the prime factors of s(g)?
2, 5
Let u = -52 + 272. List the prime factors of u.
2, 5, 11
Suppose -5*t = -2*t. Suppose 7*o - 435 - 433 = t. What are the prime factors of o?
2, 31
Let j(z) be the first derivative of -8*z**2 - 2*z + 4. Let f be j(1). Let m = f + 29. List the prime factors of m.
11
What are the prime factors of 54/12*(-15828)/(-54)?
1319
Let z = -68 - -443. Suppose 333 = 6*h - z. What are the prime factors of h?
2, 59
Let t(y) be the second derivative of 4*y**3/3 + y**2 + 8*y. Suppose 0 = 3*m - 8 - 1. List the prime factors of t(m).
2, 13
Suppose 0 = -4*i + 16 - 4. List the prime factors of (i - 0) + 0 + 67.
2, 5, 7
Suppose 4*d - 5*s - 15 = -4, -3*d = s - 13. List the prime factors of (d/10)/((-3)/(-1110)).
2, 37
Suppose 0 = -5*j + 2*j + 120. Suppose 106 = 3*w - 4*g - j, 53 = w + 3*g. Suppose 0 = -3*q + 5*q - w. What are the prime factors o